Give j(q).
-5
Suppose 4*g - 16 = -0*x + 2*x, -g + 2*x = -7. Let o(r) be the third derivative of -2/3*r**g + 0*r + 1/60*r**5 + 1/24*r**4 + 5*r**2 + 0. What is o(-4)?
8
Let w(c) = 3*c + 104 + 0*c - 85 - c**2 + 2*c. Calculate w(8).
-5
Suppose -8*s + 9 = -11*s. Let y(k) = -4*k**2 - 5*k + 5. Let g(m) = 5*m**2 + 5*m - 6. Let o(c) = 3*g(c) + 4*y(c). What is o(s)?
8
Let o be (21 - 11)*(-1)/(-2). Let w(v) = -7*v + 0*v**3 + o*v + v + v**3 - 3. What is w(0)?
-3
Let q(x) = -5 - 1 + 5*x - 4*x + 0. Suppose 4*u = 3*w + 689, w + 4*u + 251 = -0*u. Let r be w/45 + (-2)/(-9). Determine q(r).
-11
Let k be ((-6)/18)/((-1)/24). Let g(w) = -4*w**2 + w**2 - k*w + 4*w**2 + 8. Calculate g(7).
1
Let l(u) be the second derivative of u**5/20 + u**3/6 + 3*u**2 + 83*u. Calculate l(0).
6
Suppose -2*l = -119*l + 234. Let j(w) be the first derivative of -w - 1/2*w**l + 10. Give j(5).
-6
Let n = 18 - 20. Let z be (1 + 0 + n)*0. Let a(s) = -s**3 - s + 6. Give a(z).
6
Let s = 636 - 622. Let l(x) = -x + 12. What is l(s)?
-2
Suppose 17*x + 26 + 8 = 0. Let h(d) = -d**3 - 3*d**2 - 3*d. Determine h(x).
2
Let f(c) = -c**3 - 9*c**2 + 10*c + 5. Let v be (-20)/(-12) - ((-4)/3)/(-2). Suppose -2*s - 19 = v. Calculate f(s).
5
Let q(p) = 11*p + 127. Let g be q(-11). Let z(c) = -c + 9. What is z(g)?
3
Let h(g) = -20*g**2 - 5*g + 14. Suppose 13*y = 10*y + 51. Let f(d) = 7*d**2 + 2*d - 5. Let x(c) = y*f(c) + 6*h(c). What is x(5)?
-6
Let z(d) be the second derivative of d**3/6 - 4*d**2 + 2*d - 52. What is z(11)?
3
Let z be ((-8)/(-6))/(2/6). Suppose -2771*v = -2763*v - 16. Let p = z + v. Let f(h) = h. What is f(p)?
6
Let z(r) = -3*r**2 - 4*r**2 + 7*r + 2 - 1 + r**3. Let n(v) = v + 23. Let b be n(-15). Let h = 14 - b. What is z(h)?
7
Let d(a) = 48*a**3 - 10*a**2 + 22*a - 23. Let h(j) = 17*j**3 - 3*j**2 + 8*j - 8. Let z(m) = -6*d(m) + 17*h(m). What is z(-8)?
34
Let d(a) = -32*a + 96. Let h be d(3). Let z(r) = -3*r**3 - 1. Let m be z(-1). Let l(i) = 0 - i**m - 3*i - 3 + 2*i. Give l(h).
-3
Let r(p) be the third derivative of p**7/5040 + p**6/80 - 3*p**5/20 - 8*p**2. Let d(q) be the third derivative of r(q). Give d(-7).
2
Suppose 0 = -2*v + 6, 0 = -2*n - 89*v + 90*v - 21. Let p(m) = -4*m - 28. Determine p(n).
8
Let x(y) be the third derivative of 0 - y**2 + 1/2*y**3 + 0*y - 1/24*y**4. Let v(p) = 11*p + 58. Let r be v(-5). What is x(r)?
0
Let f(x) = -2*x + 6. Let z be f(5). Let t(s) = -20*s**2 - 23*s - 5. Let a(q) = 7*q**2 + 8*q + 2. Let k(v) = -17*a(v) - 6*t(v). Give k(z).
4
Let n(u) = -24*u + 38*u + 2*u**2 - 21*u - u**2. Suppose 0 = -2*a + 11 + 3. What is n(a)?
0
Let g(a) be the second derivative of a**6/720 - a**5/10 - 23*a**4/6 + 20*a. Let u(f) be the third derivative of g(f). Calculate u(0).
-12
Let n(s) = s**2 - 7*s - 28. Let o(b) = b**2 - 8*b - 19. Let u(q) = 3*n(q) - 4*o(q). Determine u(10).
2
Suppose -j + 3*j + 3*i = 75, 0 = j + i - 37. Let n be (j/(-16) - -3)*4. Suppose -n*r + 0*r + 15 = 0. Let z(m) = -m + 5. Give z(r).
0
Let c(w) be the third derivative of -13*w**2 + 0*w**4 - 1/60*w**5 - 4/3*w**3 + 0*w + 0. Determine c(0).
-8
Let v(o) = -o**3 - 2*o**2 + 2*o + 2. Let n(p) = 2*p**2 - 5*p. Let z be n(-2). Suppose 8*j + z = -6. Give v(j).
5
Let i(h) = -5*h + 51. Let c be i(12). Let j(k) = -k**3 - 9*k**2 - 13. Determine j(c).
-13
Let m be -11 + 11 - 1*-1. Suppose -3*h - h = -16. Let f(o) = -o - m - h*o + 2*o. Calculate f(-3).
8
Let q(f) = -3*f + 16. Let u(y) = -2*y + 7. Let r(x) = -4*q(x) + 9*u(x). Determine r(1).
-7
Let t(l) be the first derivative of -l**4/4 + 5*l**3/3 + 2*l**2 + 12*l + 110. What is t(6)?
0
Let o(a) be the first derivative of 2*a**3/3 - 2*a**2 + a + 9. Let v(j) = j**2 - 4*j + 2. Let f(n) = 2*o(n) - 3*v(n). Determine f(-4).
-4
Suppose 5*x + 35 = z + 3, -3*x = z + 8. Let f(u) be the first derivative of -1 + 1/3*u**3 + u - 7/2*u**2. What is f(z)?
1
Let q(g) = 13*g + 113. Let y be q(-9). Let r(c) = c**3 + 5*c**2 + 4*c + 1. Give r(y).
1
Suppose -5*z = 9*z - 56. Let t(f) = -f**2 + 2*f + 5. Determine t(z).
-3
Let z(u) = u**2 + 9*u + 13. Suppose 107*m = 126*m + 95. Determine z(m).
-7
Let r(y) = 2*y + 2. Let g(f) = -3*f**2 - 3*f. Let n(v) = -v**2. Let a(p) = -g(p) + 2*n(p). Let m be a(-5). Let s be (-5)/(-2)*(-8)/m. Determine r(s).
-2
Let p be (2 - (-9)/(-6))/(5/310). Suppose 5*v - 11 = 3*h - p, 8 = -2*v - 2*h. Let i(x) = x**2 + 6*x + 2. What is i(v)?
-6
Let g(a) = 4*a + 35. Let t(z) = 2*z + 17. Let r(y) = 6*g(y) - 11*t(y). What is r(-12)?
-1
Let n(h) = -2*h - 1. Let u = 1 - -4. Suppose 21 + 4 = u*w. Suppose -8*a - w = -3*a. Determine n(a).
1
Let h(b) = 14*b + 2*b**3 + 2 + 3*b**2 + 6*b - 18*b. Let d be (4/3)/(1/3). Let l(k) = -k**3 + 5*k**2 - 5*k + 2. Let g be l(d). Calculate h(g).
-6
Let x(c) = -c**2 - c + 2. Let i(s) = 4*s**2 + 23*s + 5. Let j(o) = -i(o) - 2*x(o). Calculate j(-11).
-20
Let c(p) = p**2 - 3*p - 1. Let m = 26 + -23. Suppose -21 = -6*o - m. Give c(o).
-1
Let z(x) be the first derivative of -x**3/3 - 4*x**2 - 7*x + 21. Give z(-6).
5
Let p(o) = -2*o**2 + 2*o. Let h be p(2). Let k(b) = -7*b**3 + 5 + 11*b**3 - 3*b**2 - 3*b**3 + 7*b**2. What is k(h)?
5
Let m be (3/5 - 195/75)/(-2). Let w(p) be the third derivative of p**4/8 + p**3/6 - p**2. What is w(m)?
4
Let j(t) = -16*t**2 + 135*t + 19. Let q(v) = -3*v**2 + 26*v + 4. Let d(f) = 2*j(f) - 11*q(f). Calculate d(16).
-6
Let c(v) = v - 15. Let i(a) = -a - 32. Let w be i(-32). Calculate c(w).
-15
Let q(v) = -3*v + 12. Let m(y) = 15*y - 99. Let o be m(7). Give q(o).
-6
Let s(o) be the third derivative of o**6/120 - o**5/12 + o**4/6 + o**3/6 - 43*o**2 + 3*o. Calculate s(2).
-3
Let m(r) = -202447 + 202445 - 3*r**2 + 3*r**3 - 4*r**3. Give m(-3).
-2
Let u(p) be the third derivative of -p**6/120 - p**5/12 - 5*p**4/24 + p**3/6 - p**2. Let o = -12 + 11. Let b = -5 - o. What is u(b)?
5
Let b(t) = 4*t - 8. Let q(x) = x**3 + 9*x**2 + 10*x - 23. Let i be q(-7). What is b(i)?
12
Let v(n) be the first derivative of n**3/3 + 9*n**2/2 - n + 1. Let t(f) = f**2 + f - 1. Let a(k) = -2*t(k) + v(k). Suppose -2325*r + 70 = -2315*r. Give a(r).
1
Let c(g) be the second derivative of -g**3/6 + 6*g**2 + 2*g - 34. Give c(6).
6
Let i(r) = r + 2. Suppose -4*c = -4*u, -4*c = -5*c + 5. Let s be i(u). Let f be (-6)/21 + 37/s. Let m(x) = -x**2 + 5*x - 1. Calculate m(f).
-1
Let c(n) = -28*n**2 + 1 + 9 + 22*n**2 + 19*n + 8*n**2. What is c(-9)?
1
Suppose 0 = -2023*h + 2052*h + 58. Let m(b) = b. Determine m(h).
-2
Let j(u) = 4*u + 5*u + 6*u - 11 - 13*u. Give j(5).
-1
Let b be (5/(-10))/((-1)/8). Let m be 0/(4/b - -1). Let c = m - -3. Let y(w) = w**3 - 2*w**2 - w + 2. Determine y(c).
8
Let n be 205/65 - (-2)/(-13). Let q(b) be the first derivative of b**5/60 - b**4/24 - 2*b**3/3 - 2. Let v(z) be the third derivative of q(z). Determine v(n).
5
Let h(w) = w - 5. Let u be (-1 - -1) + (-75)/(-3). Let j = u - 18. What is h(j)?
2
Let s(g) = -g**2 - 6*g + 4. Let p be s(-6). Let z(h) be the second derivative of 0 - 1/2*h**3 - 3/2*h**2 - 15*h. Calculate z(p).
-15
Let w(q) = 1. Let x(i) = i**2 + 8*i + 3. Let k(z) = -3*w(z) - x(z). Suppose c = 3*c - 4. Suppose -c*a - 2 - 10 = 0. What is k(a)?
6
Let n(m) be the first derivative of -m**4/4 + 8*m**3/3 + 6*m - 32. Calculate n(8).
6
Let o(z) be the third derivative of z**5/60 + z**3/6 - z**2. Let y(r) = 142*r + 3690. Let c be y(-26). What is o(c)?
5
Let v(z) = -z**2 + 4*z + 12. Let a be v(6). Let n(c) = -6*c + 5*c + a + 10. Calculate n(9).
1
Let d(a) be the second derivative of 7*a + 2/3*a**4 - 3/2*a**3 - 1/20*a**5 + 5*a**2 + 0. Calculate d(7).
-4
Let q = 23 - 17. Suppose f + 20 = q*f. Suppose -3*t - f - 11 = 0, 0 = 2*x - t - 13. Let r(w) = w - 5. Determine r(x).
-1
Let g(a) = 14*a - 1. Let p(b) = 0*b + 5 + 0*b + 7 + b. Let o be p(-11). What is g(o)?
13
Let t be (0 - 4)*(1 - 0). Let d = 9 + t. Let x(u) be the third derivative of -u**5/60 + u**4/8 + 5*u**3/6 + 3*u**2. Calculate x(d).
-5
Suppose -4*o - o + 4*a = -6, -3*a = 3*o - 9. Let q(u) = -3*u + 0*u + 0*u + u**o - u - 2. Suppose 20 = 4*r - 4. Give q(r).
10
Let a be ((-12)/3 - -5)*0. Let k(n) be the first derivative of 0*n - 4/3*n**3 + a*n**2 + 4. What is k(-1)?
-4
Let k(r) be the third derivative of r**4/8 + 7*r**3/6 - 36*r**2 - 3*r. Determine k(5).
22
Let d(g) be the first derivative of g**2/2 - 8*g + 2. Let o be (2/3)/((-10)/345). Let m = o - -29. What is d(m)?
-2
Let n(f) =